{"id":5547,"date":"2025-03-01T15:00:04","date_gmt":"2025-03-01T15:00:04","guid":{"rendered":"https:\/\/bicentenariosantamaria.cl\/?page_id=5547"},"modified":"2025-06-16T13:40:53","modified_gmt":"2025-06-16T13:40:53","slug":"comunicaciones-2025","status":"publish","type":"page","link":"https:\/\/bicentenariosantamaria.cl\/index.php\/comunicaciones-2025\/","title":{"rendered":"Comunicaciones 2025"},"content":{"rendered":"\n<p class=\"has-base-3-color has-text-color has-background has-link-color wp-elements-bf2a8bd0bc022751c96179c813794b16\" style=\"background-color:#ff6900;font-size:25px\"><strong>Calendario fin de primer semestre y fecha retorno a clases<\/strong><\/p>\n\n\n<div class=\"wp-block-image\">\n<figure class=\"aligncenter size-full\"><img loading=\"lazy\" decoding=\"async\" width=\"858\" height=\"564\" src=\"https:\/\/bicentenariosantamaria.cl\/wp-content\/uploads\/2025\/06\/image.png\" alt=\"\" class=\"wp-image-5637\" srcset=\"https:\/\/bicentenariosantamaria.cl\/wp-content\/uploads\/2025\/06\/image.png 858w, https:\/\/bicentenariosantamaria.cl\/wp-content\/uploads\/2025\/06\/image-300x197.png 300w, https:\/\/bicentenariosantamaria.cl\/wp-content\/uploads\/2025\/06\/image-768x505.png 768w\" sizes=\"auto, (max-width: 858px) 100vw, 858px\" \/><\/figure>\n<\/div>\n\n\n<p class=\"has-base-3-color has-text-color has-background has-link-color wp-elements-9e3cc51f88281f6f4b70342d61f60027\" style=\"background-color:#ff6900;font-size:25px\"><strong>C\u00edtaci\u00f3n a segunda reuni\u00f3n de apoderados &#8211; mayo 2025<\/strong><\/p>\n\n\n<div class=\"wp-block-image\">\n<figure class=\"aligncenter size-large\"><img loading=\"lazy\" decoding=\"async\" width=\"1024\" height=\"468\" src=\"https:\/\/bicentenariosantamaria.cl\/wp-content\/uploads\/2025\/06\/image-1-1024x468.png\" alt=\"\" class=\"wp-image-5644\" srcset=\"https:\/\/bicentenariosantamaria.cl\/wp-content\/uploads\/2025\/06\/image-1-1024x468.png 1024w, https:\/\/bicentenariosantamaria.cl\/wp-content\/uploads\/2025\/06\/image-1-300x137.png 300w, https:\/\/bicentenariosantamaria.cl\/wp-content\/uploads\/2025\/06\/image-1-768x351.png 768w, https:\/\/bicentenariosantamaria.cl\/wp-content\/uploads\/2025\/06\/image-1.png 1186w\" sizes=\"auto, (max-width: 1024px) 100vw, 1024px\" \/><\/figure>\n<\/div>\n\n\n<p class=\"has-base-3-color has-text-color has-background has-link-color wp-elements-9466193ed7a040049d58b2022feb4a3f\" style=\"background-color:#ff6900;font-size:25px\"><strong>Se informa que el d\u00eda viernes 9 de mayo los estudiantes no tendr\u00e1n clases<\/strong><\/p>\n\n\n\n<figure class=\"wp-block-image\"><img loading=\"lazy\" decoding=\"async\" width=\"821\" height=\"524\" src=\"https:\/\/bicentenariosantamaria.cl\/wp-content\/uploads\/2025\/05\/image.png\" alt=\"\" class=\"wp-image-5632\" srcset=\"https:\/\/bicentenariosantamaria.cl\/wp-content\/uploads\/2025\/05\/image.png 821w, https:\/\/bicentenariosantamaria.cl\/wp-content\/uploads\/2025\/05\/image-300x191.png 300w, https:\/\/bicentenariosantamaria.cl\/wp-content\/uploads\/2025\/05\/image-768x490.png 768w\" sizes=\"auto, (max-width: 821px) 100vw, 821px\" \/><\/figure>\n\n\n\n<p class=\"has-base-3-color has-text-color has-background has-link-color wp-elements-ead826d6634a20017ad6c5adde404679\" style=\"background-color:#ff6900;font-size:25px\"><strong>Se informa que el d\u00eda viernes 2 de mayo los estudiantes no tendr\u00e1n clases<\/strong><\/p>\n\n\n\n<figure class=\"wp-block-image size-full\"><img loading=\"lazy\" decoding=\"async\" width=\"791\" height=\"384\" src=\"https:\/\/bicentenariosantamaria.cl\/wp-content\/uploads\/2025\/06\/image-2.png\" alt=\"\" class=\"wp-image-5649\" srcset=\"https:\/\/bicentenariosantamaria.cl\/wp-content\/uploads\/2025\/06\/image-2.png 791w, https:\/\/bicentenariosantamaria.cl\/wp-content\/uploads\/2025\/06\/image-2-300x146.png 300w, https:\/\/bicentenariosantamaria.cl\/wp-content\/uploads\/2025\/06\/image-2-768x373.png 768w\" sizes=\"auto, (max-width: 791px) 100vw, 791px\" \/><\/figure>\n\n\n\n<p class=\"has-base-3-color has-text-color has-background has-link-color wp-elements-fa3954df4e7148698693ff2c0aeae4e4\" style=\"background-color:#ff6900;font-size:25px\"><strong>Citaci\u00f3n a reuniones de apoderados &#8211; marzo 2025<\/strong><\/p>\n\n\n<div class=\"wp-block-image\">\n<figure class=\"aligncenter size-full\"><img loading=\"lazy\" decoding=\"async\" width=\"600\" height=\"514\" src=\"https:\/\/bicentenariosantamaria.cl\/wp-content\/uploads\/2025\/03\/image-3.png\" alt=\"\" class=\"wp-image-5522\" srcset=\"https:\/\/bicentenariosantamaria.cl\/wp-content\/uploads\/2025\/03\/image-3.png 600w, https:\/\/bicentenariosantamaria.cl\/wp-content\/uploads\/2025\/03\/image-3-300x257.png 300w\" sizes=\"auto, (max-width: 600px) 100vw, 600px\" \/><\/figure>\n<\/div>","protected":false},"excerpt":{"rendered":"<p>Calendario fin de primer semestre y fecha retorno a clases C\u00edtaci\u00f3n a segunda reuni\u00f3n de apoderados &#8211; mayo 2025 Se informa que el d\u00eda viernes 9 de mayo los estudiantes no tendr\u00e1n clases Se informa que el d\u00eda viernes 2 de mayo los estudiantes no tendr\u00e1n clases Citaci\u00f3n a reuniones de apoderados &#8211; marzo 2025<\/p>\n","protected":false},"author":1,"featured_media":0,"parent":0,"menu_order":0,"comment_status":"closed","ping_status":"closed","template":"","meta":{"pagelayer_contact_templates":[],"_pagelayer_content":"","footnotes":""},"class_list":["post-5547","page","type-page","status-publish"],"_links":{"self":[{"href":"https:\/\/bicentenariosantamaria.cl\/index.php\/wp-json\/wp\/v2\/pages\/5547","targetHints":{"allow":["GET"]}}],"collection":[{"href":"https:\/\/bicentenariosantamaria.cl\/index.php\/wp-json\/wp\/v2\/pages"}],"about":[{"href":"https:\/\/bicentenariosantamaria.cl\/index.php\/wp-json\/wp\/v2\/types\/page"}],"author":[{"embeddable":true,"href":"https:\/\/bicentenariosantamaria.cl\/index.php\/wp-json\/wp\/v2\/users\/1"}],"replies":[{"embeddable":true,"href":"https:\/\/bicentenariosantamaria.cl\/index.php\/wp-json\/wp\/v2\/comments?post=5547"}],"version-history":[{"count":0,"href":"https:\/\/bicentenariosantamaria.cl\/index.php\/wp-json\/wp\/v2\/pages\/5547\/revisions"}],"wp:attachment":[{"href":"https:\/\/bicentenariosantamaria.cl\/index.php\/wp-json\/wp\/v2\/media?parent=5547"}],"curies":[{"name":"wp","href":"https:\/\/api.w.org\/{rel}","templated":true}]}}